{"id":33,"date":"2012-07-17T12:36:48","date_gmt":"2012-07-17T12:36:48","guid":{"rendered":"http:\/\/bauschert.systemmedien.de\/?page_id=33"},"modified":"2023-03-01T16:59:21","modified_gmt":"2023-03-01T14:59:21","slug":"impressum","status":"publish","type":"page","link":"https:\/\/hausarztpraxis-bauschert.de\/cms\/?page_id=33","title":{"rendered":"Impressum"},"content":{"rendered":"[et_pb_section fb_built=&#8220;1&#8243; _builder_version=&#8220;4.16&#8243; global_colors_info=&#8220;{}&#8220;][et_pb_row _builder_version=&#8220;4.16&#8243; background_size=&#8220;initial&#8220; background_position=&#8220;top_left&#8220; background_repeat=&#8220;repeat&#8220; global_colors_info=&#8220;{}&#8220; column_structure=&#8220;2_3,1_3&#8243;][et_pb_column type=&#8220;2_3&#8243; _builder_version=&#8220;4.16&#8243; custom_padding=&#8220;|||&#8220; global_colors_info=&#8220;{}&#8220; custom_padding__hover=&#8220;|||&#8220;][et_pb_text admin_label=&#8220;Text&#8220; _builder_version=&#8220;4.16&#8243; background_size=&#8220;initial&#8220; background_position=&#8220;top_left&#8220; background_repeat=&#8220;repeat&#8220; use_border_color=&#8220;off&#8220; border_color=&#8220;#ffffff&#8220; border_style=&#8220;solid&#8220; global_colors_info=&#8220;{}&#8220;]\n<p><strong><\/strong><\/p>\n<h1>Impressum<\/h1>\n<p><strong><\/strong><\/p>\n<div class=\"su-spacer\" style=\"height:20px\"><\/div>\n<h3>Inhaltlich Verantwortlicher:<\/h3>\n<p><strong>Arno Bauschert<\/strong><br \/>Facharzt f\u00fcr Allgemeinmedizin<br \/>Kirchstrasse 45<br \/>54329 Konz-Oberemmel<\/p>\n<p><strong>Telefon:<\/strong> 0 65 01 \/ 1 88 00<br \/><strong>Fax:<\/strong> 0 65 01 \/ 1 88 71<br \/><strong>E-Mail:<\/strong> <a href=\"mailto:info@hausarztpraxis-bauschert.de\">info@hausarztpraxis-bauschert.de<\/a><\/p>\n<h3><div class=\"su-spacer\" style=\"height:20px\"><\/div>Angaben gem\u00e4\u00df Telemediengesetz \u00a7 5 Abs. 1 Nr. 5:<\/h3>\n<h3><div class=\"su-spacer\" style=\"height:20px\"><\/div><\/h3>\n<h3>Zust\u00e4ndige Kammer<\/h3>\n<p>Bezirks\u00e4rztekammer Trier<br \/>Balduinstra\u00dfe 10-14 | 54290 Trier<br \/>Telefon: +49(0)651 994759-0 | Fax: +49(0)651 994759-22<br \/>E-Mail: <a href=\"mailto:info@aerztekammer-trier.de\">info@aerztekammer-trier.de<\/a> | <a href=\"http:\/\/www.aerztekammer-trier.de\" target=\"_blank\" rel=\"noopener\">www.aerztekammer-trier.de<\/a><\/p>\n<h3><div class=\"su-spacer\" style=\"height:20px\"><\/div>Zust\u00e4ndige kassen\u00e4rztliche Vereinigung<\/h3>\n<p>Kassen\u00e4rztliche Vereinigung Rheinland-Pfalz (KV RLP)<br \/>Hauptverwaltung<br \/>Isaac-Fulda-Allee 14| 55124 Mainz<br \/>Service-Center der KV RLP<br \/>Telefon: +49(0)6131 326-326 | Fax: +49(0)6131 326-327<br \/>E-Mail: <a href=\"mailto:service@kv-rlp.de\">service@kv-rlp.de<\/a> | <a href=\"http:\/\/www.kv-rlp.de\" target=\"_blank\" rel=\"noopener\">www.kv-rlp.de<\/a><\/p>\n<h3><div class=\"su-spacer\" style=\"height:20px\"><\/div><\/h3>\n<h3>Berufsbezeichnung<\/h3>\n<p>Facharzt f\u00fcr Allgemeinmedizin (verliehen in der Bundesrepublik Deutschland)<\/p>\n<h3><div class=\"su-spacer\" style=\"height:20px\"><\/div><\/h3>\n<h3>Berufsrechtliche Regelungen<\/h3>\n<p>Die Berufsordnung der Landes\u00e4rztekammer Rheinland-Pfalz <a href=\"http:\/\/www.laek-rlp.de\/recht\/gesetzeverordnungen\" target=\"_blank\" rel=\"noopener\">finden Sie hier<\/a><br \/>Das Heilberufsgesetz des Landes Rheinland-Pfalz <a href=\"http:\/\/landesrecht.rlp.de\/jportal\/?quelle=jlink&amp;query=HeilBerG+RP&amp;psml=bsrlpprod.psml\" target=\"_blank\" rel=\"noopener\">finden Sie hier<\/a><\/p>\n<p>Die berufsrechtlichen Regelungen sind \u00fcber die Internetseiten der Landes\u00e4rztekammer Rheinland-Pfalz zug\u00e4nglich. Der direkte Link lautet: <a href=\"http:\/\/www.laek-rlp.de\" target=\"_blank\" rel=\"noopener\">www.laek-rlp.de<\/a> Die Regelungen des Heilberufsgesetz des Landes Rheinland-Pfalz finden sich im Gesetz- und Verordnungsblatt f\u00fcr das Land Rheinland-Pfalz, 1978, S. 649.<\/p>\n[\/et_pb_text][\/et_pb_column][et_pb_column type=&#8220;1_3&#8243; _builder_version=&#8220;4.16&#8243; custom_padding=&#8220;|||&#8220; global_colors_info=&#8220;{}&#8220; custom_padding__hover=&#8220;|||&#8220;][\/et_pb_column][\/et_pb_row][et_pb_row _builder_version=&#8220;4.16&#8243; background_size=&#8220;initial&#8220; background_position=&#8220;top_left&#8220; background_repeat=&#8220;repeat&#8220; global_colors_info=&#8220;{}&#8220; column_structure=&#8220;2_3,1_3&#8243;][et_pb_column type=&#8220;2_3&#8243; _builder_version=&#8220;4.16&#8243; custom_padding=&#8220;|||&#8220; global_colors_info=&#8220;{}&#8220; custom_padding__hover=&#8220;|||&#8220;][et_pb_text admin_label=&#8220;Text&#8220; _builder_version=&#8220;4.16&#8243; background_size=&#8220;initial&#8220; background_position=&#8220;top_left&#8220; background_repeat=&#8220;repeat&#8220; use_border_color=&#8220;off&#8220; border_color=&#8220;#ffffff&#8220; border_style=&#8220;solid&#8220; global_colors_info=&#8220;{}&#8220;]\n<h2>Haftungsausschluss (Disclaimer)<\/h2>\n<h2>\n<div class=\"su-spacer\" style=\"height:20px\"><\/div><\/h2>\n<h3>Haftung f\u00fcr Inhalte<\/h3>\n<p>Als Diensteanbieter sind wir gem\u00e4\u00df \u00a7 7 Abs.1 TMG f\u00fcr eigene Inhalte auf diesen Seiten nach den allgemeinen Gesetzen verantwortlich. Nach \u00a7\u00a7 8 bis 10 TMG sind wir als Diensteanbieter jedoch nicht verpflichtet, \u00fcbermittelte oder gespeicherte fremde Informationen zu \u00fcberwachen oder nach Umst\u00e4nden zu forschen, die auf eine rechtswidrige T\u00e4tigkeit hinweisen. Verpflichtungen zur Entfernung oder Sperrung der Nutzung von Informationen nach den allgemeinen Gesetzen bleiben hiervon unber\u00fchrt. Eine diesbez\u00fcgliche Haftung ist jedoch erst ab dem Zeitpunkt der Kenntnis einer konkreten Rechtsverletzung m\u00f6glich. Bei Bekanntwerden von entsprechenden Rechtsverletzungen werden wir diese Inhalte umgehend entfernen.<\/p>\n<div class=\"su-spacer\" style=\"height:20px\"><\/div>\n<h3>Haftung f\u00fcr Links<\/h3>\n<p>Unser Angebot enth\u00e4lt Links zu externen Webseiten Dritter, auf deren Inhalte wir keinen Einfluss haben. Deshalb k\u00f6nnen wir f\u00fcr diese fremden Inhalte auch keine Gew\u00e4hr \u00fcbernehmen. F\u00fcr die Inhalte der verlinkten Seiten ist stets der jeweilige Anbieter oder Betreiber der Seiten verantwortlich. Die verlinkten Seiten wurden zum Zeitpunkt der Verlinkung auf m\u00f6gliche Rechtsverst\u00f6\u00dfe \u00fcberpr\u00fcft. Rechtswidrige Inhalte waren zum Zeitpunkt der Verlinkung nicht erkennbar. Eine permanente inhaltliche Kontrolle der verlinkten Seiten ist jedoch ohne konkrete Anhaltspunkte einer Rechtsverletzung nicht zumutbar. Bei Bekanntwerden von Rechtsverletzungen werden wir derartige Links umgehend entfernen.<\/p>\n<div class=\"su-spacer\" style=\"height:20px\"><\/div>\n<h3>Urheberrecht<\/h3>\n<p>Die durch die Seitenbetreiber erstellten Inhalte und Werke auf diesen Seiten unterliegen dem deutschen Urheberrecht. Die Vervielf\u00e4ltigung, Bearbeitung, Verbreitung und jede Art der Verwertung au\u00dferhalb der Grenzen des Urheberrechtes bed\u00fcrfen der schriftlichen Zustimmung des jeweiligen Autors bzw. Erstellers. Downloads und Kopien dieser Seite sind nur f\u00fcr den privaten, nicht kommerziellen Gebrauch gestattet. Soweit die Inhalte auf dieser Seite nicht vom Betreiber erstellt wurden, werden die Urheberrechte Dritter beachtet. Insbesondere werden Inhalte Dritter als solche gekennzeichnet. Sollten Sie trotzdem auf eine Urheberrechtsverletzung aufmerksam werden, bitten wir um einen entsprechenden Hinweis. Bei Bekanntwerden von Rechtsverletzungen werden wir derartige Inhalte umgehend entfernen.<\/p>\n<p>Quelle: http:\/\/www.e-recht24.de[\/et_pb_text][\/et_pb_column][et_pb_column type=&#8220;1_3&#8243; _builder_version=&#8220;4.16&#8243; custom_padding=&#8220;|||&#8220; global_colors_info=&#8220;{}&#8220; custom_padding__hover=&#8220;|||&#8220;][\/et_pb_column][\/et_pb_row][\/et_pb_section]\n","protected":false},"excerpt":{"rendered":"<p>Impressum <div class=\"su-spacer\" style=\"height:20px\"><\/div> Inhaltlich Verantwortlicher: Arno BauschertFacharzt f\u00fcr AllgemeinmedizinKirchstrasse 4554329 Konz-Oberemmel Telefon: 0 65 01 \/ 1 88 00Fax: 0 65 01 \/ 1 88 71E-Mail: info@hausarztpraxis-bauschert.de <div class=\"su-spacer\" style=\"height:20px\"><\/div>Angaben gem\u00e4\u00df Telemediengesetz \u00a7 5 Abs. 1 Nr. 5: <div class=\"su-spacer\" style=\"height:20px\"><\/div> Zust\u00e4ndige Kammer Bezirks\u00e4rztekammer TrierBalduinstra\u00dfe 10-14 | 54290 TrierTelefon: +49(0)651 994759-0 | Fax: +49(0)651 994759-22E-Mail: info@aerztekammer-trier.de | www.aerztekammer-trier.de <div class=\"su-spacer\" style=\"height:20px\"><\/div>Zust\u00e4ndige kassen\u00e4rztliche [&hellip;]<\/p>\n","protected":false},"author":2,"featured_media":0,"parent":0,"menu_order":30,"comment_status":"open","ping_status":"closed","template":"","meta":{"_et_pb_use_builder":"on","_et_pb_old_content":"<p><a href=\"http:\/\/www.stiftung-gesundheit-blog.de\/checkliste-impressum-homepage\" target=\"_blank\">http:\/\/www.stiftung-gesundheit-blog.de\/checkliste-impressum-homepage<\/a><\/p>","_et_gb_content_width":"","footnotes":""},"class_list":["post-33","page","type-page","status-publish","hentry"],"yoast_head":"<!-- This site is optimized with the Yoast SEO plugin v25.9 - https:\/\/yoast.com\/wordpress\/plugins\/seo\/ -->\n<title>Impressum - Hausarztpraxis Oberemmel<\/title>\n<meta name=\"robots\" content=\"index, follow, max-snippet:-1, max-image-preview:large, max-video-preview:-1\" \/>\n<link rel=\"canonical\" href=\"https:\/\/hausarztpraxis-bauschert.de\/cms\/?page_id=33\" \/>\n<meta property=\"og:locale\" content=\"de_DE\" \/>\n<meta property=\"og:type\" content=\"article\" \/>\n<meta property=\"og:title\" content=\"Impressum - Hausarztpraxis Oberemmel\" \/>\n<meta property=\"og:description\" content=\"Impressum Inhaltlich Verantwortlicher: Arno BauschertFacharzt f\u00fcr AllgemeinmedizinKirchstrasse 4554329 Konz-Oberemmel Telefon: 0 65 01 \/ 1 88 00Fax: 0 65 01 \/ 1 88 71E-Mail: info@hausarztpraxis-bauschert.de Angaben gem\u00e4\u00df Telemediengesetz \u00a7 5 Abs. 1 Nr. 5: Zust\u00e4ndige Kammer Bezirks\u00e4rztekammer TrierBalduinstra\u00dfe 10-14 | 54290 TrierTelefon: +49(0)651 994759-0 | Fax: +49(0)651 994759-22E-Mail: info@aerztekammer-trier.de | www.aerztekammer-trier.de Zust\u00e4ndige kassen\u00e4rztliche [&hellip;]\" \/>\n<meta property=\"og:url\" content=\"https:\/\/hausarztpraxis-bauschert.de\/cms\/?page_id=33\" \/>\n<meta property=\"og:site_name\" content=\"Hausarztpraxis Oberemmel\" \/>\n<meta property=\"article:modified_time\" content=\"2023-03-01T14:59:21+00:00\" \/>\n<meta name=\"twitter:card\" content=\"summary_large_image\" \/>\n<meta name=\"twitter:label1\" content=\"Gesch\u00e4tzte Lesezeit\" \/>\n\t<meta name=\"twitter:data1\" content=\"3\u00a0Minuten\" \/>\n<script type=\"application\/ld+json\" class=\"yoast-schema-graph\">{\"@context\":\"https:\/\/schema.org\",\"@graph\":[{\"@type\":\"WebPage\",\"@id\":\"https:\/\/hausarztpraxis-bauschert.de\/cms\/?page_id=33\",\"url\":\"https:\/\/hausarztpraxis-bauschert.de\/cms\/?page_id=33\",\"name\":\"Impressum - Hausarztpraxis Oberemmel\",\"isPartOf\":{\"@id\":\"https:\/\/hausarztpraxis-bauschert.de\/cms\/#website\"},\"datePublished\":\"2012-07-17T12:36:48+00:00\",\"dateModified\":\"2023-03-01T14:59:21+00:00\",\"breadcrumb\":{\"@id\":\"https:\/\/hausarztpraxis-bauschert.de\/cms\/?page_id=33#breadcrumb\"},\"inLanguage\":\"de\",\"potentialAction\":[{\"@type\":\"ReadAction\",\"target\":[\"https:\/\/hausarztpraxis-bauschert.de\/cms\/?page_id=33\"]}]},{\"@type\":\"BreadcrumbList\",\"@id\":\"https:\/\/hausarztpraxis-bauschert.de\/cms\/?page_id=33#breadcrumb\",\"itemListElement\":[{\"@type\":\"ListItem\",\"position\":1,\"name\":\"Home\",\"item\":\"https:\/\/hausarztpraxis-bauschert.de\/cms\/\"},{\"@type\":\"ListItem\",\"position\":2,\"name\":\"Impressum\"}]},{\"@type\":\"WebSite\",\"@id\":\"https:\/\/hausarztpraxis-bauschert.de\/cms\/#website\",\"url\":\"https:\/\/hausarztpraxis-bauschert.de\/cms\/\",\"name\":\"Hausarztpraxis Oberemmel\",\"description\":\"\",\"potentialAction\":[{\"@type\":\"SearchAction\",\"target\":{\"@type\":\"EntryPoint\",\"urlTemplate\":\"https:\/\/hausarztpraxis-bauschert.de\/cms\/?s={search_term_string}\"},\"query-input\":{\"@type\":\"PropertyValueSpecification\",\"valueRequired\":true,\"valueName\":\"search_term_string\"}}],\"inLanguage\":\"de\"}]}<\/script>\n<!-- \/ Yoast SEO plugin. -->","yoast_head_json":{"title":"Impressum - Hausarztpraxis Oberemmel","robots":{"index":"index","follow":"follow","max-snippet":"max-snippet:-1","max-image-preview":"max-image-preview:large","max-video-preview":"max-video-preview:-1"},"canonical":"https:\/\/hausarztpraxis-bauschert.de\/cms\/?page_id=33","og_locale":"de_DE","og_type":"article","og_title":"Impressum - Hausarztpraxis Oberemmel","og_description":"Impressum Inhaltlich Verantwortlicher: Arno BauschertFacharzt f\u00fcr AllgemeinmedizinKirchstrasse 4554329 Konz-Oberemmel Telefon: 0 65 01 \/ 1 88 00Fax: 0 65 01 \/ 1 88 71E-Mail: info@hausarztpraxis-bauschert.de Angaben gem\u00e4\u00df Telemediengesetz \u00a7 5 Abs. 1 Nr. 5: Zust\u00e4ndige Kammer Bezirks\u00e4rztekammer TrierBalduinstra\u00dfe 10-14 | 54290 TrierTelefon: +49(0)651 994759-0 | Fax: +49(0)651 994759-22E-Mail: info@aerztekammer-trier.de | www.aerztekammer-trier.de Zust\u00e4ndige kassen\u00e4rztliche [&hellip;]","og_url":"https:\/\/hausarztpraxis-bauschert.de\/cms\/?page_id=33","og_site_name":"Hausarztpraxis Oberemmel","article_modified_time":"2023-03-01T14:59:21+00:00","twitter_card":"summary_large_image","twitter_misc":{"Gesch\u00e4tzte Lesezeit":"3\u00a0Minuten"},"schema":{"@context":"https:\/\/schema.org","@graph":[{"@type":"WebPage","@id":"https:\/\/hausarztpraxis-bauschert.de\/cms\/?page_id=33","url":"https:\/\/hausarztpraxis-bauschert.de\/cms\/?page_id=33","name":"Impressum - Hausarztpraxis Oberemmel","isPartOf":{"@id":"https:\/\/hausarztpraxis-bauschert.de\/cms\/#website"},"datePublished":"2012-07-17T12:36:48+00:00","dateModified":"2023-03-01T14:59:21+00:00","breadcrumb":{"@id":"https:\/\/hausarztpraxis-bauschert.de\/cms\/?page_id=33#breadcrumb"},"inLanguage":"de","potentialAction":[{"@type":"ReadAction","target":["https:\/\/hausarztpraxis-bauschert.de\/cms\/?page_id=33"]}]},{"@type":"BreadcrumbList","@id":"https:\/\/hausarztpraxis-bauschert.de\/cms\/?page_id=33#breadcrumb","itemListElement":[{"@type":"ListItem","position":1,"name":"Home","item":"https:\/\/hausarztpraxis-bauschert.de\/cms\/"},{"@type":"ListItem","position":2,"name":"Impressum"}]},{"@type":"WebSite","@id":"https:\/\/hausarztpraxis-bauschert.de\/cms\/#website","url":"https:\/\/hausarztpraxis-bauschert.de\/cms\/","name":"Hausarztpraxis Oberemmel","description":"","potentialAction":[{"@type":"SearchAction","target":{"@type":"EntryPoint","urlTemplate":"https:\/\/hausarztpraxis-bauschert.de\/cms\/?s={search_term_string}"},"query-input":{"@type":"PropertyValueSpecification","valueRequired":true,"valueName":"search_term_string"}}],"inLanguage":"de"}]}},"_links":{"self":[{"href":"https:\/\/hausarztpraxis-bauschert.de\/cms\/index.php?rest_route=\/wp\/v2\/pages\/33","targetHints":{"allow":["GET"]}}],"collection":[{"href":"https:\/\/hausarztpraxis-bauschert.de\/cms\/index.php?rest_route=\/wp\/v2\/pages"}],"about":[{"href":"https:\/\/hausarztpraxis-bauschert.de\/cms\/index.php?rest_route=\/wp\/v2\/types\/page"}],"author":[{"embeddable":true,"href":"https:\/\/hausarztpraxis-bauschert.de\/cms\/index.php?rest_route=\/wp\/v2\/users\/2"}],"replies":[{"embeddable":true,"href":"https:\/\/hausarztpraxis-bauschert.de\/cms\/index.php?rest_route=%2Fwp%2Fv2%2Fcomments&post=33"}],"version-history":[{"count":10,"href":"https:\/\/hausarztpraxis-bauschert.de\/cms\/index.php?rest_route=\/wp\/v2\/pages\/33\/revisions"}],"predecessor-version":[{"id":772,"href":"https:\/\/hausarztpraxis-bauschert.de\/cms\/index.php?rest_route=\/wp\/v2\/pages\/33\/revisions\/772"}],"wp:attachment":[{"href":"https:\/\/hausarztpraxis-bauschert.de\/cms\/index.php?rest_route=%2Fwp%2Fv2%2Fmedia&parent=33"}],"curies":[{"name":"wp","href":"https:\/\/api.w.org\/{rel}","templated":true}]}}